69.84.207.147 - - [07/Jan/2010:05:56:39 -0800] "GET /resume.htm&usg=__1YZc3-GUGJpySg4HwiGNVAoOlCA=&h=582&w=450&sz=94&hl=en&start=19&tbnid=UhNcZafZIPSIWM:&tbnh=134&tbnw=104&prev=/images?q=resume%20designs&imgsz=m&gbv=2&hl=en HTTP/1.1" 404 - "-" "Mozilla/4.0 (compatible; MSIE 7.0;Windows NT 5.1;.NET CLR 1.1.4322;.NET CLR 2.0.50727;.NET CLR 3.0.04506.30)" "www.digitaldesignspro.com"
69.84.207.147 - - [07/Jan/2010:05:56:40 -0800] "GET /resume.htm&usg=__1YZc3-GUGJpySg4HwiGNVAoOlCA=&h=582&w=450&sz=94&hl=en&start=25&tbnid=UhNcZafZIPSIWM:&tbnh=134&tbnw=104&prev=/images?q=resume%20designs&gbv=2&ndsp=18&hl=en&sa=N&start=18 HTTP/1.1" 404 - "-" "Mozilla/4.0 (compatible; MSIE 7.0;Windows NT 5.1;.NET CLR 1.1.4322;.NET CLR 2.0.50727;.NET CLR 3.0.04506.30)" "www.digitaldesignspro.com"
69.84.207.147 - - [07/Jan/2010:05:56:41 -0800] "GET /resume.htm&usg=__1YZc3-GUGJpySg4HwiGNVAoOlCA=&h=582&w=450&sz=94&hl=en&start=33&um=1&tbnid=UhNcZafZIPSIWM:&tbnh=134&tbnw=104&prev=/images?q=resume%20designs&ndsp=21&hl=en&client=safari&rls=en&sa=N&start=21&um=1 HTTP/1.1" 404 - "-" "Mozilla/4.0 (compatible; MSIE 7.0;Windows NT 5.1;.NET CLR 1.1.4322;.NET CLR 2.0.50727;.NET CLR 3.0.04506.30)" "www.digitaldesignspro.com"
69.84.207.147 - - [07/Jan/2010:05:56:42 -0800] "GET /resume.htm&usg=__1YZc3-GUGJpySg4HwiGNVAoOlCA=&h=582&w=450&sz=94&hl=en&start=25&um=1&tbnid=UhNcZafZIPSIWM:&tbnh=134&tbnw=104&prev=/images?q=resume%20designs&ndsp=20&hl=en&client=safari&rls=en&sa=N&start=20&um=1 HTTP/1.1" 404 - "-" "Mozilla/4.0 (compatible; MSIE 7.0;Windows NT 5.1;.NET CLR 1.1.4322;.NET CLR 2.0.50727;.NET CLR 3.0.04506.30)" "www.digitaldesignspro.com"
69.84.207.147 - - [07/Jan/2010:05:56:43 -0800] "GET /resume.htm&usg=__1YZc3-GUGJpySg4HwiGNVAoOlCA=&h=582&w=450&sz=94&hl=en&start=21&um=1&tbnid=UhNcZafZIPSIWM:&tbnh=134&tbnw=104&prev=/images?q=resume%20designs&ndsp=20&hl=en&client=firefox-a&rls=org.mozilla:en-US:official&sa=N&start=20&um=1 HTTP/1.1" 404 - "-" "Mozilla/4.0 (compatible; MSIE 7.0;Windows NT 5.1;.NET CLR 1.1.4322;.NET CLR 2.0.50727;.NET CLR 3.0.04506.30)" "www.digitaldesignspro.com"
69.84.207.147 - - [07/Jan/2010:05:56:44 -0800] "GET /resume.htm&usg=__1YZc3-GUGJpySg4HwiGNVAoOlCA=&h=582&w=450&sz=94&hl=en&start=31&sig2=ApYWwsDd12nN9VgByv9vNQ&um=1&tbnid=UhNcZafZIPSIWM:&tbnh=134&tbnw=104&prev=/images?q=resume%20designs&ndsp=20&hl=en&client=firefox-a&rls=org.mozilla:en-US:official&sa=N&start=20&um=1&ei=5rCASqKOOo-HkAWKpvSwCg HTTP/1.1" 404 - "-" "Mozilla/4.0 (compatible; MSIE 7.0;Windows NT 5.1;.NET CLR 1.1.4322;.NET CLR 2.0.50727;.NET CLR 3.0.04506.30)" "www.digitaldesignspro.com"
69.84.207.147 - - [07/Jan/2010:05:56:46 -0800] "GET /resume.htm&usg=__1YZc3-GUGJpySg4HwiGNVAoOlCA=&h=582&w=450&sz=94&hl=en&start=36&um=1&tbnid=UhNcZafZIPSIWM:&tbnh=134&tbnw=104&prev=/images?q=resume%20designs&ndsp=18&hl=en&sa=N&start=18&um=1 HTTP/1.1" 404 - "-" "Mozilla/4.0 (compatible; MSIE 7.0;Windows NT 5.1;.NET CLR 1.1.4322;.NET CLR 2.0.50727;.NET CLR 3.0.04506.30)" "www.digitaldesignspro.com"
69.84.207.147 - - [07/Jan/2010:05:56:47 -0800] "GET /resume.htm&usg=__1YZc3-GUGJpySg4HwiGNVAoOlCA=&h=582&w=450&sz=94&hl=en&start=27&um=1&tbnid=UhNcZafZIPSIWM:&tbnh=134&tbnw=104&prev=/images?q=resume%20designs&ndsp=18&hl=en&client=firefox-a&rls=org.mozilla:en-US:official&sa=N&start=18&um=1 HTTP/1.0" 404 - "-" "Mozilla/4.0 (compatible; MSIE 7.0;Windows NT 5.1;.NET CLR 1.1.4322;.NET CLR 2.0.50727;.NET CLR 3.0.04506.30)" "www.digitaldesignspro.com"
69.84.207.147 - - [07/Jan/2010:05:56:47 -0800] "GET /resume.htm&usg=__1YZc3-GUGJpySg4HwiGNVAoOlCA=&h=582&w=450&sz=94&hl=en&start=28&um=1&tbnid=UhNcZafZIPSIWM:&tbnh=134&tbnw=104&prev=/images?q=resume%20designs&ndsp=21&hl=en&client=safari&rls=en-us&sa=N&start=21&um=1 HTTP/1.1" 404 - "-" "Mozilla/4.0 (compatible; MSIE 7.0;Windows NT 5.1;.NET CLR 1.1.4322;.NET CLR 2.0.50727;.NET CLR 3.0.04506.30)" "www.digitaldesignspro.com"
69.84.207.147 - - [07/Jan/2010:05:56:48 -0800] "GET /works/?D=A HTTP/1.1" 200 657 "-" "Mozilla/4.0 (compatible; MSIE 7.0;Windows NT 5.1;.NET CLR 1.1.4322;.NET CLR 2.0.50727;.NET CLR 3.0.04506.30)" "www.digitaldesignspro.com"
69.84.207.147 - - [07/Jan/2010:05:56:49 -0800] "GET /works/?D=D HTTP/1.1" 200 657 "-" "Mozilla/4.0 (compatible; MSIE 7.0;Windows NT 5.1;.NET CLR 1.1.4322;.NET CLR 2.0.50727;.NET CLR 3.0.04506.30)" "www.digitaldesignspro.com"
69.84.207.147 - - [07/Jan/2010:05:56:50 -0800] "GET /resume.htm&usg=__1YZc3-GUGJpySg4HwiGNVAoOlCA=&h=582&w=450&sz=94&hl=en&start=31&sig2=Y8nros4pA1Cqsonj0pup8w&um=1&tbnid=UhNcZafZIPSIWM:&tbnh=134&tbnw=104&prev=/images?q=resume%20designs&ndsp=20&hl=en&client=safari&rls=en-us&sa=N&start=20&um=1&ei=_Qx_SqDGLdLFlAftg7H5AQ HTTP/1.1" 404 - "-" "Mozilla/4.0 (compatible; MSIE 7.0;Windows NT 5.1;.NET CLR 1.1.4322;.NET CLR 2.0.50727;.NET CLR 3.0.04506.30)" "www.digitaldesignspro.com"
69.84.207.147 - - [07/Jan/2010:05:56:51 -0800] "GET /resume.htm&usg=__1YZc3-GUGJpySg4HwiGNVAoOlCA=&h=582&w=450&sz=94&hl=en&start=28&um=1&tbnid=UhNcZafZIPSIWM:&tbnh=134&tbnw=104&prev=/images?q=Resume%20Designs&ndsp=20&hl=en&client=safari&rls=en&sa=N&start=20&um=1 HTTP/1.1" 404 - "-" "Mozilla/4.0 (compatible; MSIE 7.0;Windows NT 5.1;.NET CLR 1.1.4322;.NET CLR 2.0.50727;.NET CLR 3.0.04506.30)" "www.digitaldesignspro.com"
69.84.207.147 - - [07/Jan/2010:05:56:52 -0800] "GET /resume.htm&usg=__1YZc3-GUGJpySg4HwiGNVAoOlCA=&h=582&w=450&sz=94&hl=en&start=29&um=1&tbnid=UhNcZafZIPSIWM:&tbnh=134&tbnw=104&prev=/images?q=resume%20designs&ndsp=20&hl=en&sa=N&start=20&um=1 HTTP/1.1" 404 - "-" "Mozilla/4.0 (compatible; MSIE 7.0;Windows NT 5.1;.NET CLR 1.1.4322;.NET CLR 2.0.50727;.NET CLR 3.0.04506.30)" "www.digitaldesignspro.com"
69.84.207.147 - - [07/Jan/2010:05:56:52 -0800] "GET /resume.htm&usg=__1YZc3-GUGJpySg4HwiGNVAoOlCA=&h=582&w=450&sz=94&hl=en&start=36&sig2=zRZgDrWNT92wkf2MAaKxDA&um=1&tbnid=UhNcZafZIPSIWM:&tbnh=134&tbnw=104&prev=/images?q=resume'%20designs&ndsp=20&hl=en&client=firefox-a&channel=s&rls=org.mozilla:en-US:official&sa=N&start=20&um=1&ei=RcW3SpjzBMSktweHzN23DQ HTTP/1.1" 404 - "-" "Mozilla/4.0 (compatible; MSIE 7.0;Windows NT 5.1;.NET CLR 1.1.4322;.NET CLR 2.0.50727;.NET CLR 3.0.04506.30)" "www.digitaldesignspro.com"
69.84.207.147 - - [07/Jan/2010:05:56:53 -0800] "GET /resume.htm&usg=__1YZc3-GUGJpySg4HwiGNVAoOlCA=&h=582&w=450&sz=94&hl=en&start=29&um=1&tbnid=UhNcZafZIPSIWM:&tbnh=134&tbnw=104&prev=/images?q=resume%20designs&ndsp=20&hl=en&client=firefox-a&rls=org.mozilla:en-US:official&sa=N&start=20&um=1 HTTP/1.1" 404 - "-" "Mozilla/4.0 (compatible; MSIE 7.0;Windows NT 5.1;.NET CLR 1.1.4322;.NET CLR 2.0.50727;.NET CLR 3.0.04506.30)" "www.digitaldesignspro.com"
69.84.207.147 - - [07/Jan/2010:05:56:54 -0800] "GET /works/?M=A HTTP/1.1" 200 657 "-" "Mozilla/4.0 (compatible; MSIE 7.0;Windows NT 5.1;.NET CLR 1.1.4322;.NET CLR 2.0.50727;.NET CLR 3.0.04506.30)" "www.digitaldesignspro.com"
69.84.207.147 - - [07/Jan/2010:05:56:55 -0800] "GET /works/?M=D HTTP/1.1" 200 657 "-" "Mozilla/4.0 (compatible; MSIE 7.0;Windows NT 5.1;.NET CLR 1.1.4322;.NET CLR 2.0.50727;.NET CLR 3.0.04506.30)" "www.digitaldesignspro.com"
69.84.207.147 - - [07/Jan/2010:05:56:56 -0800] "GET /resume.htm&usg=__1YZc3-GUGJpySg4HwiGNVAoOlCA=&h=582&w=450&sz=94&hl=en&start=35&um=1&tbnid=UhNcZafZIPSIWM:&tbnh=134&tbnw=104&prev=/images?q=resume%20designs&ndsp=18&hl=en&client=firefox-a&rls=org.mozilla:en-US:official&sa=N&start=18&um=1 HTTP/1.1" 404 - "-" "Mozilla/4.0 (compatible; MSIE 7.0;Windows NT 5.1;.NET CLR 1.1.4322;.NET CLR 2.0.50727;.NET CLR 3.0.04506.30)" "www.digitaldesignspro.com"
69.84.207.147 - - [07/Jan/2010:05:56:57 -0800] "GET /resume.htm&usg=__1YZc3-GUGJpySg4HwiGNVAoOlCA=&h=582&w=450&sz=94&hl=en&start=30&sig2=Gx4wcBbkHQMrqnXJRAKcoQ&um=1&tbnid=UhNcZafZIPSIWM:&tbnh=134&tbnw=104&prev=/images?q=resume%20designs&ndsp=20&hl=en&client=safari&rls=en&sa=N&start=20&um=1&ei=UY7KSurmNJWvlAfa0NWSAw HTTP/1.1" 404 - "-" "Mozilla/4.0 (compatible; MSIE 7.0;Windows NT 5.1;.NET CLR 1.1.4322;.NET CLR 2.0.50727;.NET CLR 3.0.04506.30)" "www.digitaldesignspro.com"
69.84.207.147 - - [07/Jan/2010:05:56:58 -0800] "GET /resume.htm&usg=__1YZc3-GUGJpySg4HwiGNVAoOlCA=&h=582&w=450&sz=94&hl=en&start=31&tbnid=UhNcZafZIPSIWM:&tbnh=134&tbnw=104&prev=/images?q=resume%20designs&gbv=2&ndsp=18&hl=en&sa=N&start=18 HTTP/1.1" 404 - "-" "Mozilla/4.0 (compatible; MSIE 7.0;Windows NT 5.1;.NET CLR 1.1.4322;.NET CLR 2.0.50727;.NET CLR 3.0.04506.30)" "www.digitaldesignspro.com"
69.84.207.147 - - [07/Jan/2010:05:56:59 -0800] "GET /resume.htm&usg=__1YZc3-GUGJpySg4HwiGNVAoOlCA=&h=582&w=450&sz=94&hl=en&start=30&um=1&tbnid=UhNcZafZIPSIWM:&tbnh=134&tbnw=104&prev=/images?q=resume%20designs&ndsp=18&hl=en&sa=N&start=18&um=1 HTTP/1.1" 404 - "-" "Mozilla/4.0 (compatible; MSIE 7.0;Windows NT 5.1;.NET CLR 1.1.4322;.NET CLR 2.0.50727;.NET CLR 3.0.04506.30)" "www.digitaldesignspro.com"
69.84.207.147 - - [07/Jan/2010:05:57:00 -0800] "GET /works/logs HTTP/1.0" 301 91 "-" "Mozilla/4.0 (compatible; MSIE 7.0;Windows NT 5.1;.NET CLR 1.1.4322;.NET CLR 2.0.50727;.NET CLR 3.0.04506.30)" "www.digitaldesignspro.com"
69.84.207.147 - - [07/Jan/2010:05:57:00 -0800] "GET /works/logs/ HTTP/1.1" 200 540 "-" "Mozilla/4.0 (compatible; MSIE 7.0;Windows NT 5.1;.NET CLR 1.1.4322;.NET CLR 2.0.50727;.NET CLR 3.0.04506.30)" "www.digitaldesignspro.com"
69.84.207.147 - - [07/Jan/2010:05:57:01 -0800] "GET /resume.htm&usg=__1YZc3-GUGJpySg4HwiGNVAoOlCA=&h=582&w=450&sz=94&hl=en&start=33&sig2=VvA67LNEQ2_30YUW3bRgxA&um=1&tbnid=UhNcZafZIPSIWM:&tbnh=134&tbnw=104&prev=/images?q=resume%20designs&ndsp=18&hl=en&rlz=1G1GGLQ_ENUS290&sa=N&start=18&um=1&ei=j-S7Sq_SIpOKswPw1Y38Aw HTTP/1.1" 404 - "-" "Mozilla/4.0 (compatible; MSIE 7.0;Windows NT 5.1;.NET CLR 1.1.4322;.NET CLR 2.0.50727;.NET CLR 3.0.04506.30)" "www.digitaldesignspro.com"
69.84.207.147 - - [07/Jan/2010:05:57:02 -0800] "GET /works/?S=D HTTP/1.1" 200 657 "-" "Mozilla/4.0 (compatible; MSIE 7.0;Windows NT 5.1;.NET CLR 1.1.4322;.NET CLR 2.0.50727;.NET CLR 3.0.04506.30)" "www.digitaldesignspro.com"
69.84.207.147 - - [07/Jan/2010:05:57:03 -0800] "GET /resume.htm&usg=__1YZc3-GUGJpySg4HwiGNVAoOlCA=&h=582&w=450&sz=94&hl=en&start=28&um=1&tbnid=UhNcZafZIPSIWM:&tbnh=134&tbnw=104&prev=/images?q=resume%20designs&ndsp=20&hl=en&client=firefox-a&channel=s&rls=org.mozilla:en-US:official&sa=N&start=20&um=1 HTTP/1.1" 404 - "-" "Mozilla/4.0 (compatible; MSIE 7.0;Windows NT 5.1;.NET CLR 1.1.4322;.NET CLR 2.0.50727;.NET CLR 3.0.04506.30)" "www.digitaldesignspro.com"
69.84.207.147 - - [07/Jan/2010:05:57:04 -0800] "GET /resume.htm&usg=__1YZc3-GUGJpySg4HwiGNVAoOlCA=&h=582&w=450&sz=94&hl=en&start=28&um=1&tbnid=UhNcZafZIPSIWM:&tbnh=134&tbnw=104&prev=/images?q=resume%20designs&ndsp=18&hl=en&client=firefox-a&rls=org.mozilla:en-US:official&hs=LgH&sa=N&start=18&um=1 HTTP/1.1" 404 - "-" "Mozilla/4.0 (compatible; MSIE 7.0;Windows NT 5.1;.NET CLR 1.1.4322;.NET CLR 2.0.50727;.NET CLR 3.0.04506.30)" "www.digitaldesignspro.com"
69.84.207.147 - - [07/Jan/2010:05:57:05 -0800] "GET /resume.htm&usg=__1YZc3-GUGJpySg4HwiGNVAoOlCA=&h=582&w=450&sz=94&hl=en&start=30&sig2=giSMczRCHqZeODaCvlFJkQ&um=1&tbnid=UhNcZafZIPSIWM:&tbnh=134&tbnw=104&prev=/images?q=resume%20designs&ndsp=20&hl=en&client=firefox-a&rls=org.mozilla:en-US:official&sa=N&start=20&um=1&ei=PgGUSs7yO8irmQfpjJS1AQ HTTP/1.1" 404 - "-" "Mozilla/4.0 (compatible; MSIE 7.0;Windows NT 5.1;.NET CLR 1.1.4322;.NET CLR 2.0.50727;.NET CLR 3.0.04506.30)" "www.digitaldesignspro.com"
69.84.207.147 - - [07/Jan/2010:05:57:08 -0800] "GET /resume.htm&usg=__1YZc3-GUGJpySg4HwiGNVAoOlCA=&h=582&w=450&sz=94&hl=en&start=28&tbnid=UhNcZafZIPSIWM:&tbnh=134&tbnw=104&prev=/images?q=resume%20designs&gbv=2&ndsp=21&hl=en&sa=N&start=21 HTTP/1.1" 404 - "-" "Mozilla/4.0 (compatible; MSIE 7.0;Windows NT 5.1;.NET CLR 1.1.4322;.NET CLR 2.0.50727;.NET CLR 3.0.04506.30)" "www.digitaldesignspro.com"
69.84.207.147 - - [07/Jan/2010:05:57:09 -0800] "GET /works/green_garden/team.html HTTP/1.1" 404 - "-" "Mozilla/4.0 (compatible; MSIE 7.0;Windows NT 5.1;.NET CLR 1.1.4322;.NET CLR 2.0.50727;.NET CLR 3.0.04506.30)" "www.digitaldesignspro.com"
216.104.15.138 - - [07/Jan/2010:06:43:55 -0800] "GET /logs/access_090801.log HTTP/1.0" 200 8133 "-" "Mozilla/4.0 (compatible; MSIE 6.0; Windows NT 5.1)" "www.digitaldesignspro.com"
38.108.67.27 - - [07/Jan/2010:10:19:04 -0800] "GET /robots.txt HTTP/1.0" 404 - "-" "SBIder/Nutch-1.0-dev (http://www.sitesell.com/sbider.html)" "www.digitaldesignspro.com"
38.108.67.27 - - [07/Jan/2010:10:19:04 -0800] "GET /tmp/ HTTP/1.0" 200 504 "-" "SBIder/Nutch-1.0-dev (http://www.sitesell.com/sbider.html)" "www.digitaldesignspro.com"
87.250.252.240 - - [07/Jan/2010:10:25:50 -0800] "GET /robots.txt HTTP/1.1" 404 - "-" "Yandex/1.01.001 (compatible; Win16; I)" "www.digitaldesignspro.com"
38.108.67.27 - - [07/Jan/2010:10:54:50 -0800] "GET /works/ HTTP/1.0" 200 641 "-" "SBIder/Nutch-1.0-dev (http://www.sitesell.com/sbider.html)" "www.digitaldesignspro.com"
38.108.67.27 - - [07/Jan/2010:11:02:54 -0800] "GET /logs/ HTTP/1.0" 200 1929 "-" "SBIder/Nutch-1.0-dev (http://www.sitesell.com/sbider.html)" "www.digitaldesignspro.com"
65.55.108.242 - - [07/Jan/2010:13:42:49 -0800] "GET /robots.txt HTTP/1.1" 404 - "-" "Mozilla/4.0" "digitaldesignspro.com"
65.55.108.242 - - [07/Jan/2010:13:42:49 -0800] "GET / HTTP/1.1" 200 913 "-" "Mozilla/4.0" "digitaldesignspro.com"
67.195.110.159 - - [07/Jan/2010:15:56:35 -0800] "GET /robots.txt HTTP/1.0" 404 - "-" "Mozilla/5.0 (compatible; Yahoo! Slurp; http://help.yahoo.com/help/us/ysearch/slurp)" "www.digitaldesignspro.com"
208.80.193.43 - - [07/Jan/2010:21:47:13 -0800] "GET / HTTP/1.0" 200 897 "-" "Mozilla/4.0 (compatible; MSIE 7.0; Windows NT 5.1; .NET CLR 1.0.3705; .NET CLR 1.1.4322; Tablet PC 1.7; IEMB3; .NET CLR 2.0.50727; IEMB3)" "www.digitaldesignspro.com"
68.56.74.4 - - [08/Jan/2010:03:08:32 -0800] "GET /logs/access_091201.log HTTP/1.1" 200 115177 "http://www.google.com/search?q=68.56.74.4&rlz=1I7GGLL_en&ie=UTF-8&oe=UTF-8&sourceid=ie7" "Mozilla/4.0 (compatible; MSIE 8.0; Windows NT 6.0; Trident/4.0; GTB6; Comcast Install 1.0; SLCC1; .NET CLR 2.0.50727; .NET CLR 3.5.30729; .NET CLR 3.0.30729)" "www.digitaldesignspro.com"
66.249.71.245 - - [08/Jan/2010:04:50:22 -0800] "GET /robots.txt HTTP/1.1" 404 - "-" "Mozilla/5.0 (compatible; Googlebot/2.1; +http://www.google.com/bot.html)" "www.digitaldesignspro.com"
66.180.27.7 - - [08/Jan/2010:06:01:25 -0800] "GET /logs/access_091101.log HTTP/1.1" 200 3759 "http://www.google.com/search?hl=en&q=67.195.111.239&btnG=Search&aq=f&oq=&aqi=" "Mozilla/4.0 (compatible; MSIE 7.0; Windows NT 5.1; .NET CLR 1.1.4322; .NET CLR 2.0.50727; .NET CLR 3.0.4506.2152; .NET CLR 3.5.30729)" "www.digitaldesignspro.com"
85.25.124.167 - - [08/Jan/2010:09:31:51 -0800] "GET /robots.txt HTTP/1.1" 404 - "-" "Linguee Bot (http://www.linguee.com/bot; bot@linguee.com)" "digitaldesignspro.com"
85.25.124.167 - - [08/Jan/2010:09:31:52 -0800] "GET / HTTP/1.1" 200 913 "-" "Linguee Bot (http://www.linguee.com/bot; bot@linguee.com)" "digitaldesignspro.com"
85.25.124.167 - - [08/Jan/2010:09:31:52 -0800] "GET /?N=D HTTP/1.1" 200 913 "-" "Linguee Bot (http://www.linguee.com/bot; bot@linguee.com)" "digitaldesignspro.com"
85.25.124.167 - - [08/Jan/2010:09:31:53 -0800] "GET /?M=A HTTP/1.1" 200 913 "-" "Linguee Bot (http://www.linguee.com/bot; bot@linguee.com)" "digitaldesignspro.com"
85.25.124.167 - - [08/Jan/2010:09:31:54 -0800] "GET /?S=A HTTP/1.1" 200 913 "-" "Linguee Bot (http://www.linguee.com/bot; bot@linguee.com)" "digitaldesignspro.com"
85.25.124.167 - - [08/Jan/2010:09:31:54 -0800] "GET /?D=A HTTP/1.1" 200 913 "-" "Linguee Bot (http://www.linguee.com/bot; bot@linguee.com)" "digitaldesignspro.com"
85.25.124.167 - - [08/Jan/2010:09:31:55 -0800] "GET /logs/ HTTP/1.1" 200 1945 "-" "Linguee Bot (http://www.linguee.com/bot; bot@linguee.com)" "digitaldesignspro.com"
85.25.124.167 - - [08/Jan/2010:09:31:56 -0800] "GET /tmp/ HTTP/1.1" 200 520 "-" "Linguee Bot (http://www.linguee.com/bot; bot@linguee.com)" "digitaldesignspro.com"
85.25.124.167 - - [08/Jan/2010:09:31:56 -0800] "GET /works/ HTTP/1.1" 200 657 "-" "Linguee Bot (http://www.linguee.com/bot; bot@linguee.com)" "digitaldesignspro.com"
87.250.252.240 - - [08/Jan/2010:09:34:12 -0800] "GET /works/ HTTP/1.1" 200 657 "-" "Yandex/1.01.001 (compatible; Win16; I)" "www.digitaldesignspro.com"
88.131.106.24 - - [08/Jan/2010:10:33:16 -0800] "GET /robots.txt HTTP/1.0" 404 - "-" "Speedy Spider (http://www.entireweb.com/about/search_tech/speedy_spider/)" "www.digitaldesignspro.com"
88.131.106.24 - - [08/Jan/2010:10:33:20 -0800] "GET / HTTP/1.0" 200 897 "-" "Speedy Spider (http://www.entireweb.com/about/search_tech/speedy_spider/)" "www.digitaldesignspro.com"
65.55.106.115 - - [08/Jan/2010:13:12:32 -0800] "GET /robots.txt HTTP/1.1" 404 - "-" "msnbot/2.0b (+http://search.msn.com/msnbot.htm)" "digitaldesignspro.com"
65.55.106.115 - - [08/Jan/2010:13:13:52 -0800] "GET /?D=A HTTP/1.1" 200 913 "-" "msnbot/2.0b (+http://search.msn.com/msnbot.htm)" "digitaldesignspro.com"
204.15.39.12 - - [08/Jan/2010:17:27:24 -0800] "GET /logs/ HTTP/1.1" 200 1945 "-" "Botslist Botfinder (+http://www.botslist.ca)" "www.digitaldesignspro.com"
204.15.39.12 - - [08/Jan/2010:17:27:32 -0800] "GET /logs/access.log HTTP/1.1" 200 66751 "-" "Botslist Botfinder (+http://www.botslist.ca)" "www.digitaldesignspro.com"
204.15.39.12 - - [08/Jan/2010:17:27:33 -0800] "GET /logs/access_090731.log HTTP/1.1" 200 14368 "-" "Botslist Botfinder (+http://www.botslist.ca)" "www.digitaldesignspro.com"
204.15.39.12 - - [08/Jan/2010:17:27:33 -0800] "GET /logs/access_090801.log HTTP/1.1" 200 8133 "-" "Botslist Botfinder (+http://www.botslist.ca)" "www.digitaldesignspro.com"
204.15.39.12 - - [08/Jan/2010:17:27:33 -0800] "GET /logs/access_090901.log HTTP/1.1" 200 0 "-" "Botslist Botfinder (+http://www.botslist.ca)" "www.digitaldesignspro.com"
204.15.39.12 - - [08/Jan/2010:17:27:34 -0800] "GET /logs/access_091001.log HTTP/1.1" 200 0 "-" "Botslist Botfinder (+http://www.botslist.ca)" "www.digitaldesignspro.com"
204.15.39.12 - - [08/Jan/2010:17:27:34 -0800] "GET /logs/access_091031.log HTTP/1.1" 200 0 "-" "Botslist Botfinder (+http://www.botslist.ca)" "www.digitaldesignspro.com"
204.15.39.12 - - [08/Jan/2010:17:27:34 -0800] "GET /logs/access_091101.log HTTP/1.1" 200 3759 "-" "Botslist Botfinder (+http://www.botslist.ca)" "www.digitaldesignspro.com"
204.15.39.12 - - [08/Jan/2010:17:27:34 -0800] "GET /logs/access_091201.log HTTP/1.1" 200 0 "-" "Botslist Botfinder (+http://www.botslist.ca)" "www.digitaldesignspro.com"
204.15.39.12 - - [08/Jan/2010:17:27:34 -0800] "GET /logs/access_091231.log HTTP/1.1" 200 90433 "-" "Botslist Botfinder (+http://www.botslist.ca)" "www.digitaldesignspro.com"
204.15.39.12 - - [08/Jan/2010:17:27:35 -0800] "GET /logs/access_100101.log HTTP/1.1" 200 1006 "-" "Botslist Botfinder (+http://www.botslist.ca)" "www.digitaldesignspro.com"
67.195.110.159 - - [08/Jan/2010:21:21:01 -0800] "GET /robots.txt HTTP/1.0" 404 - "-" "Mozilla/5.0 (compatible; Yahoo! Slurp; http://help.yahoo.com/help/us/ysearch/slurp)" "www.digitaldesignspro.com"
66.249.71.237 - - [08/Jan/2010:23:19:42 -0800] "GET /robots.txt HTTP/1.1" 404 - "-" "SAMSUNG-SGH-E250/1.0 Profile/MIDP-2.0 Configuration/CLDC-1.1 UP.Browser/6.2.3.3.c.1.101 (GUI) MMP/2.0 (compatible; Googlebot-Mobile/2.1; +http://www.google.com/bot.html)" "www.digitaldesignspro.com"
66.249.71.243 - - [08/Jan/2010:23:19:42 -0800] "GET /tmp/ HTTP/1.1" 200 520 "-" "SAMSUNG-SGH-E250/1.0 Profile/MIDP-2.0 Configuration/CLDC-1.1 UP.Browser/6.2.3.3.c.1.101 (GUI) MMP/2.0 (compatible; Googlebot-Mobile/2.1; +http://www.google.com/bot.html)" "www.digitaldesignspro.com"
66.249.71.244 - - [08/Jan/2010:23:20:19 -0800] "GET /logs/ HTTP/1.1" 200 1945 "-" "SAMSUNG-SGH-E250/1.0 Profile/MIDP-2.0 Configuration/CLDC-1.1 UP.Browser/6.2.3.3.c.1.101 (GUI) MMP/2.0 (compatible; Googlebot-Mobile/2.1; +http://www.google.com/bot.html)" "www.digitaldesignspro.com"
66.249.71.238 - - [08/Jan/2010:23:20:29 -0800] "GET /works/ HTTP/1.1" 200 657 "-" "SAMSUNG-SGH-E250/1.0 Profile/MIDP-2.0 Configuration/CLDC-1.1 UP.Browser/6.2.3.3.c.1.101 (GUI) MMP/2.0 (compatible; Googlebot-Mobile/2.1; +http://www.google.com/bot.html)" "www.digitaldesignspro.com"
65.55.207.70 - - [08/Jan/2010:23:30:44 -0800] "GET /robots.txt HTTP/1.1" 404 - "-" "msnbot/2.0b (+http://search.msn.com/msnbot.htm)" "www.digitaldesignspro.com"
65.55.207.70 - - [08/Jan/2010:23:32:45 -0800] "GET / HTTP/1.1" 200 913 "-" "msnbot/2.0b (+http://search.msn.com/msnbot.htm)" "www.digitaldesignspro.com"
208.80.193.43 - - [09/Jan/2010:05:18:55 -0800] "GET / HTTP/1.0" 200 897 "-" "Mozilla/4.0 (compatible; MSIE 6.0; Windows NT 5.1; {2E126B3F-1F10-43AB-AA3D-2DE408C19531}; SV1; SIMBAR Enabled; SIMBAR={36908E6A-C28B-4812-912F-F03B60FBB323}; SU 2.009)" "www.digitaldesignspro.com"
67.195.110.159 - - [09/Jan/2010:07:05:43 -0800] "GET /robots.txt HTTP/1.0" 404 - "-" "Mozilla/5.0 (compatible; Yahoo! Slurp; http://help.yahoo.com/help/us/ysearch/slurp)" "www.digitaldesignspro.com"
87.250.252.240 - - [09/Jan/2010:10:47:31 -0800] "GET /robots.txt HTTP/1.1" 404 - "-" "Yandex/1.01.001 (compatible; Win16; I)" "www.digitaldesignspro.com"
207.46.199.180 - - [09/Jan/2010:11:33:09 -0800] "GET /robots.txt HTTP/1.1" 404 - "-" "msnbot/2.0b (+http://search.msn.com/msnbot.htm)" "www.digitaldesignspro.com"
207.46.199.180 - - [09/Jan/2010:11:47:00 -0800] "GET /services.htm HTTP/1.1" 404 - "-" "msnbot/2.0b (+http://search.msn.com/msnbot.htm)" "www.digitaldesignspro.com"
65.55.106.209 - - [09/Jan/2010:11:56:05 -0800] "GET /robots.txt HTTP/1.1" 404 - "-" "msnbot/2.0b (+http://search.msn.com/msnbot.htm)" "digitaldesignspro.com"
65.55.106.209 - - [09/Jan/2010:11:57:16 -0800] "GET /logs/ HTTP/1.1" 200 1945 "-" "msnbot/2.0b (+http://search.msn.com/msnbot.htm)" "digitaldesignspro.com"
207.46.199.180 - - [09/Jan/2010:11:59:59 -0800] "GET /robots.txt HTTP/1.1" 404 - "-" "msnbot/2.0b (+http://search.msn.com/msnbot.htm)" "digitaldesignspro.com"
207.46.199.180 - - [09/Jan/2010:12:23:25 -0800] "GET /?D=A HTTP/1.1" 200 913 "-" "msnbot/2.0b (+http://search.msn.com/msnbot.htm)" "digitaldesignspro.com"
66.249.71.239 - - [09/Jan/2010:15:50:37 -0800] "GET /robots.txt HTTP/1.1" 404 - "-" "Mozilla/5.0 (compatible; Googlebot/2.1; +http://www.google.com/bot.html)" "www.digitaldesignspro.com"
67.195.110.159 - - [09/Jan/2010:17:57:55 -0800] "GET /robots.txt HTTP/1.0" 404 - "-" "Mozilla/5.0 (compatible; Yahoo! Slurp; http://help.yahoo.com/help/us/ysearch/slurp)" "www.digitaldesignspro.com"
87.250.252.240 - - [10/Jan/2010:09:48:08 -0800] "GET / HTTP/1.1" 200 913 "-" "Yandex/1.01.001 (compatible; Win16; I)" "www.digitaldesignspro.com"
66.249.71.248 - - [10/Jan/2010:12:22:24 -0800] "GET /robots.txt HTTP/1.1" 404 - "-" "Mozilla/5.0 (compatible; Googlebot/2.1; +http://www.google.com/bot.html)" "www.digitaldesignspro.com"
208.80.193.41 - - [10/Jan/2010:13:00:33 -0800] "GET / HTTP/1.0" 200 897 "-" "Mozilla/4.0 (compatible; MSIE 6.0; Windows NT 5.1; SV1; FunWebProducts; .NET CLR 1.1.4322; .NET CLR 1.0.3705; ZangoToolbar 4.8.3)" "www.digitaldesignspro.com"
67.195.110.159 - - [10/Jan/2010:16:30:58 -0800] "GET /robots.txt HTTP/1.0" 404 - "-" "Mozilla/5.0 (compatible; Yahoo! Slurp; http://help.yahoo.com/help/us/ysearch/slurp)" "www.digitaldesignspro.com"
67.195.110.159 - - [10/Jan/2010:22:34:17 -0800] "GET /robots.txt HTTP/1.0" 404 - "-" "Mozilla/5.0 (compatible; Yahoo! Slurp; http://help.yahoo.com/help/us/ysearch/slurp)" "www.digitaldesignspro.com"
66.249.71.239 - - [10/Jan/2010:22:37:35 -0800] "GET /works/logs/ HTTP/1.1" 200 540 "-" "SAMSUNG-SGH-E250/1.0 Profile/MIDP-2.0 Configuration/CLDC-1.1 UP.Browser/6.2.3.3.c.1.101 (GUI) MMP/2.0 (compatible; Googlebot-Mobile/2.1; +http://www.google.com/bot.html)" "www.digitaldesignspro.com"
65.55.106.160 - - [11/Jan/2010:04:23:47 -0800] "GET /robots.txt HTTP/1.1" 404 - "-" "msnbot/2.0b (+http://search.msn.com/msnbot.htm)" "digitaldesignspro.com"
65.55.106.160 - - [11/Jan/2010:04:28:41 -0800] "GET /tmp/ HTTP/1.1" 200 520 "-" "msnbot/2.0b (+http://search.msn.com/msnbot.htm)" "digitaldesignspro.com"
87.250.252.240 - - [11/Jan/2010:12:14:47 -0800] "GET /robots.txt HTTP/1.1" 404 - "-" "Yandex/1.01.001 (compatible; Win16; I)" "www.digitaldesignspro.com"
66.249.71.237 - - [11/Jan/2010:18:34:26 -0800] "GET /robots.txt HTTP/1.1" 404 - "-" "Mozilla/5.0 (compatible; Googlebot/2.1; +http://www.google.com/bot.html)" "www.digitaldesignspro.com"
208.80.193.41 - - [11/Jan/2010:21:07:54 -0800] "GET / HTTP/1.0" 200 897 "-" "Mozilla/4.0 (compatible; MSIE 6.0; Windows NT 5.1; SV1; InfoPath.1; .NET CLR 1.1.4322; Crazy Browser 3.0.0 Beta2)" "www.digitaldesignspro.com"
83.167.62.170 - - [12/Jan/2010:03:07:09 -0800] "GET /robots.txt HTTP/1.1" 404 - "-" "Mozilla/5.0 (compatible; Exabot/3.0 (BiggerBetter); +http://www.exabot.com/go/robot)" "www.digitaldesignspro.com"
83.167.62.170 - - [12/Jan/2010:03:07:10 -0800] "GET /works/?S=A HTTP/1.1" 200 657 "-" "Mozilla/5.0 (compatible; Exabot/3.0 (BiggerBetter); +http://www.exabot.com/go/robot)" "www.digitaldesignspro.com"
66.249.71.162 - - [12/Jan/2010:04:31:58 -0800] "GET / HTTP/1.1" 200 913 "-" "SAMSUNG-SGH-E250/1.0 Profile/MIDP-2.0 Configuration/CLDC-1.1 UP.Browser/6.2.3.3.c.1.101 (GUI) MMP/2.0 (compatible; Googlebot-Mobile/2.1; +http://www.google.com/bot.html)" "www.digitaldesignspro.com"
88.191.17.209 - - [12/Jan/2010:07:58:22 -0800] "GET /works/school/Sr_Project/site/menu.htm HTTP/1.1" 404 - "-" "Mozilla/4.0 (compatible; MSIE 7.0b; Windows NT 6.0 ; .NET CLR 2.0.50215; SL Commerce Client v1.0; Tablet PC 2.0" "www.digitaldesignspro.com"
200.238.83.49 - - [12/Jan/2010:07:58:25 -0800] "GET /works/school/Sr_Project/site/menu.htm HTTP/1.1" 404 - "-" "Mozilla/4.0 (compatible; MSIE 7.0b; Windows NT 6.0 ; .NET CLR 2.0.50215; SL Commerce Client v1.0; Tablet PC 2.0" "www.digitaldesignspro.com"
99.35.220.184 - - [12/Jan/2010:10:03:10 -0800] "GET /works/school/Sr_Project/site/menu.htm HTTP/1.0" 404 - "-" "Mozilla/4.0 (compatible; MSIE 6.0; Windows NT 5.1)" "www.digitaldesignspro.com"
65.55.207.94 - - [12/Jan/2010:14:55:25 -0800] "GET /robots.txt HTTP/1.1" 404 - "-" "msnbot/2.0b (+http://search.msn.com/msnbot.htm)" "www.digitaldesignspro.com"
66.249.71.245 - - [12/Jan/2010:15:34:29 -0800] "GET /robots.txt HTTP/1.1" 404 - "-" "Mozilla/5.0 (compatible; Googlebot/2.1; +http://www.google.com/bot.html)" "www.digitaldesignspro.com"
204.15.39.12 - - [12/Jan/2010:15:38:27 -0800] "GET /logs/ HTTP/1.1" 200 1945 "-" "Botslist Botfinder (+http://www.botslist.ca)" "www.digitaldesignspro.com"
204.15.39.12 - - [12/Jan/2010:15:38:36 -0800] "GET /logs/access.log HTTP/1.1" 200 76081 "-" "Botslist Botfinder (+http://www.botslist.ca)" "www.digitaldesignspro.com"
204.15.39.12 - - [12/Jan/2010:15:38:36 -0800] "GET /logs/access_090731.log HTTP/1.1" 200 14368 "-" "Botslist Botfinder (+http://www.botslist.ca)" "www.digitaldesignspro.com"
204.15.39.12 - - [12/Jan/2010:15:38:36 -0800] "GET /logs/access_090801.log HTTP/1.1" 200 8133 "-" "Botslist Botfinder (+http://www.botslist.ca)" "www.digitaldesignspro.com"
204.15.39.12 - - [12/Jan/2010:15:38:37 -0800] "GET /logs/access_090901.log HTTP/1.1" 200 0 "-" "Botslist Botfinder (+http://www.botslist.ca)" "www.digitaldesignspro.com"
204.15.39.12 - - [12/Jan/2010:15:38:37 -0800] "GET /logs/access_091001.log HTTP/1.0" 200 0 "-" "Botslist Botfinder (+http://www.botslist.ca)" "www.digitaldesignspro.com"
204.15.39.12 - - [12/Jan/2010:15:38:37 -0800] "GET /logs/access_091031.log HTTP/1.1" 200 0 "-" "Botslist Botfinder (+http://www.botslist.ca)" "www.digitaldesignspro.com"
204.15.39.12 - - [12/Jan/2010:15:38:37 -0800] "GET /logs/access_091101.log HTTP/1.1" 200 3759 "-" "Botslist Botfinder (+http://www.botslist.ca)" "www.digitaldesignspro.com"
204.15.39.12 - - [12/Jan/2010:15:38:37 -0800] "GET /logs/access_091201.log HTTP/1.1" 200 0 "-" "Botslist Botfinder (+http://www.botslist.ca)" "www.digitaldesignspro.com"
204.15.39.12 - - [12/Jan/2010:15:38:38 -0800] "GET /logs/access_091231.log HTTP/1.1" 200 0 "-" "Botslist Botfinder (+http://www.botslist.ca)" "www.digitaldesignspro.com"
204.15.39.12 - - [12/Jan/2010:15:38:38 -0800] "GET /logs/access_100101.log HTTP/1.1" 200 1006 "-" "Botslist Botfinder (+http://www.botslist.ca)" "www.digitaldesignspro.com"
65.55.207.94 - - [12/Jan/2010:15:49:46 -0800] "GET /services.htm HTTP/1.1" 404 - "-" "msnbot/2.0b (+http://search.msn.com/msnbot.htm)" "www.digitaldesignspro.com"
67.195.110.159 - - [12/Jan/2010:16:43:29 -0800] "GET /robots.txt HTTP/1.0" 404 - "-" "Mozilla/5.0 (compatible; Yahoo! Slurp; http://help.yahoo.com/help/us/ysearch/slurp)" "www.digitaldesignspro.com"
67.195.110.159 - - [12/Jan/2010:17:19:27 -0800] "GET / HTTP/1.0" 200 897 "-" "Mozilla/5.0 (compatible; Yahoo! Slurp/3.0; http://help.yahoo.com/help/us/ysearch/slurp)" "www.digitaldesignspro.com"
207.46.199.190 - - [12/Jan/2010:18:32:26 -0800] "GET /robots.txt HTTP/1.1" 404 - "-" "msnbot/2.0b (+http://search.msn.com/msnbot.htm)" "www.digitaldesignspro.com"
207.46.199.198 - - [12/Jan/2010:19:05:10 -0800] "GET /robots.txt HTTP/1.1" 404 - "-" "msnbot/2.0b (+http://search.msn.com/msnbot.htm)" "digitaldesignspro.com"
207.46.199.198 - - [12/Jan/2010:20:00:24 -0800] "GET /?D=A HTTP/1.1" 200 913 "-" "msnbot/2.0b (+http://search.msn.com/msnbot.htm)" "digitaldesignspro.com"
87.250.252.240 - - [12/Jan/2010:20:42:09 -0800] "GET /robots.txt HTTP/1.1" 404 - "-" "Yandex/1.01.001 (compatible; Win16; I)" "www.digitaldesignspro.com"
207.46.199.190 - - [12/Jan/2010:21:10:52 -0800] "GET /robots.txt HTTP/1.1" 404 - "-" "msnbot/2.0b (+http://search.msn.com/msnbot.htm)" "www.digitaldesignspro.com"
207.46.199.198 - - [12/Jan/2010:21:23:04 -0800] "GET /robots.txt HTTP/1.1" 404 - "-" "msnbot/2.0b (+http://search.msn.com/msnbot.htm)" "digitaldesignspro.com"
207.46.199.198 - - [12/Jan/2010:22:06:47 -0800] "GET /?D=A HTTP/1.1" 200 913 "-" "msnbot/2.0b (+http://search.msn.com/msnbot.htm)" "digitaldesignspro.com"
67.195.110.159 - - [12/Jan/2010:22:37:54 -0800] "GET /robots.txt HTTP/1.0" 404 - "-" "Mozilla/5.0 (compatible; Yahoo! Slurp; http://help.yahoo.com/help/us/ysearch/slurp)" "www.digitaldesignspro.com"
67.195.110.159 - - [12/Jan/2010:22:38:33 -0800] "GET /tmp/ HTTP/1.0" 200 504 "-" "Mozilla/5.0 (compatible; Yahoo! Slurp/3.0; http://help.yahoo.com/help/us/ysearch/slurp)" "www.digitaldesignspro.com"
122.175.85.16 - - [13/Jan/2010:00:17:46 -0800] "GET /favicon.ico HTTP/1.1" 404 - "-" "Mozilla/5.0 (Windows; U; Windows NT 5.1; en-US; rv:1.9.1.7) Gecko/20091221 Firefox/3.5.7" "www.digitaldesignspro.com"
222.189.152.219 - - [13/Jan/2010:01:27:11 -0800] "GET /favicon.ico HTTP/1.1" 404 - "-" "Mozilla/5.0 (Windows; U; Windows NT 5.2; en-US; rv:1.9.1.7) Gecko/20091221 Firefox/3.5.7 (.NET CLR 3.5.30729)" "www.digitaldesignspro.com"
110.139.4.60 - - [13/Jan/2010:07:24:47 -0800] "GET /logs/access_090801.log HTTP/1.0" 200 8133 "http://www.google.co.id/search?q=www.digitaldesignpro.com&ie=utf-8&oe=utf-8&aq=t&rls=org.mozilla:en-US:official&client=firefox-a" "Mozilla/5.0 (Windows; U; Windows NT 5.1; en-US; rv:1.9.1.7) Gecko/20091221 Firefox/3.5.7" "www.digitaldesignspro.com"
110.139.4.60 - - [13/Jan/2010:07:24:49 -0800] "GET /favicon.ico HTTP/1.1" 404 - "-" "Mozilla/5.0 (Windows; U; Windows NT 5.1; en-US; rv:1.9.1.7) Gecko/20091221 Firefox/3.5.7" "www.digitaldesignspro.com"
110.139.4.60 - - [13/Jan/2010:07:24:52 -0800] "GET /favicon.ico HTTP/1.1" 404 - "-" "Mozilla/5.0 (Windows; U; Windows NT 5.1; en-US; rv:1.9.1.7) Gecko/20091221 Firefox/3.5.7" "www.digitaldesignspro.com"
110.139.4.60 - - [13/Jan/2010:07:25:25 -0800] "GET /logs/access_091101.log HTTP/1.1" 200 3759 "http://www.google.co.id/search?q=www.digitaldesignpro.com&ie=utf-8&oe=utf-8&aq=t&rls=org.mozilla:en-US:official&client=firefox-a" "Mozilla/5.0 (Windows; U; Windows NT 5.1; en-US; rv:1.9.1.7) Gecko/20091221 Firefox/3.5.7" "www.digitaldesignspro.com"
67.195.110.159 - - [13/Jan/2010:08:25:40 -0800] "GET /robots.txt HTTP/1.0" 404 - "-" "Mozilla/5.0 (compatible; Yahoo! Slurp; http://help.yahoo.com/help/us/ysearch/slurp)" "www.digitaldesignspro.com"
87.250.252.240 - - [13/Jan/2010:09:10:42 -0800] "GET /tmp/ HTTP/1.0" 200 504 "-" "Yandex/1.01.001 (compatible; Win16; I)" "www.digitaldesignspro.com"
38.108.67.27 - - [13/Jan/2010:12:20:47 -0800] "GET /robots.txt HTTP/1.0" 404 - "-" "SBIder/Nutch-1.0-dev (http://www.sitesell.com/sbider.html)" "www.digitaldesignspro.com"
38.108.67.27 - - [13/Jan/2010:12:20:47 -0800] "GET /works/logs/ HTTP/1.0" 200 524 "-" "SBIder/Nutch-1.0-dev (http://www.sitesell.com/sbider.html)" "www.digitaldesignspro.com"
66.249.71.237 - - [13/Jan/2010:12:33:34 -0800] "GET /robots.txt HTTP/1.1" 404 - "-" "Mozilla/5.0 (compatible; Googlebot/2.1; +http://www.google.com/bot.html)" "www.digitaldesignspro.com"
85.17.211.164 - - [13/Jan/2010:21:12:24 -0800] "GET / HTTP/1.1" 200 913 "-" "Mozilla/5.0 (compatible; Purebot/1.1; +http://www.puritysearch.net/)" "www.digitaldesignspro.com"
85.17.211.164 - - [13/Jan/2010:21:12:26 -0800] "GET /?N=D HTTP/1.1" 200 913 "-" "Mozilla/5.0 (compatible; Purebot/1.1; +http://www.puritysearch.net/)" "www.digitaldesignspro.com"
85.17.211.164 - - [13/Jan/2010:21:12:28 -0800] "GET /?M=A HTTP/1.1" 200 913 "-" "Mozilla/5.0 (compatible; Purebot/1.1; +http://www.puritysearch.net/)" "www.digitaldesignspro.com"
85.17.211.164 - - [13/Jan/2010:21:12:29 -0800] "GET /?S=A HTTP/1.1" 200 913 "-" "Mozilla/5.0 (compatible; Purebot/1.1; +http://www.puritysearch.net/)" "www.digitaldesignspro.com"
85.17.211.164 - - [13/Jan/2010:21:12:31 -0800] "GET /?D=A HTTP/1.1" 200 913 "-" "Mozilla/5.0 (compatible; Purebot/1.1; +http://www.puritysearch.net/)" "www.digitaldesignspro.com"
85.17.211.164 - - [13/Jan/2010:21:12:32 -0800] "GET /logs/ HTTP/1.1" 200 1945 "-" "Mozilla/5.0 (compatible; Purebot/1.1; +http://www.puritysearch.net/)" "www.digitaldesignspro.com"
85.17.211.164 - - [13/Jan/2010:21:12:33 -0800] "GET /tmp/ HTTP/1.1" 200 520 "-" "Mozilla/5.0 (compatible; Purebot/1.1; +http://www.puritysearch.net/)" "www.digitaldesignspro.com"
85.17.211.164 - - [13/Jan/2010:21:12:33 -0800] "GET /works/ HTTP/1.1" 200 657 "-" "Mozilla/5.0 (compatible; Purebot/1.1; +http://www.puritysearch.net/)" "www.digitaldesignspro.com"
85.17.211.164 - - [13/Jan/2010:21:12:35 -0800] "GET /?N=A HTTP/1.1" 200 913 "-" "Mozilla/5.0 (compatible; Purebot/1.1; +http://www.puritysearch.net/)" "www.digitaldesignspro.com"
85.17.211.164 - - [13/Jan/2010:21:12:36 -0800] "GET /?M=D HTTP/1.1" 200 913 "-" "Mozilla/5.0 (compatible; Purebot/1.1; +http://www.puritysearch.net/)" "www.digitaldesignspro.com"
85.17.211.164 - - [13/Jan/2010:21:12:38 -0800] "GET /?S=D HTTP/1.1" 200 913 "-" "Mozilla/5.0 (compatible; Purebot/1.1; +http://www.puritysearch.net/)" "www.digitaldesignspro.com"
85.17.211.164 - - [13/Jan/2010:21:12:40 -0800] "GET /?D=D HTTP/1.1" 200 913 "-" "Mozilla/5.0 (compatible; Purebot/1.1; +http://www.puritysearch.net/)" "www.digitaldesignspro.com"
85.17.211.164 - - [13/Jan/2010:21:12:42 -0800] "GET /logs/?N=D HTTP/1.1" 200 1945 "-" "Mozilla/5.0 (compatible; Purebot/1.1; +http://www.puritysearch.net/)" "www.digitaldesignspro.com"
85.17.211.164 - - [13/Jan/2010:21:12:44 -0800] "GET /logs/?M=A HTTP/1.1" 200 1945 "-" "Mozilla/5.0 (compatible; Purebot/1.1; +http://www.puritysearch.net/)" "www.digitaldesignspro.com"
85.17.211.164 - - [13/Jan/2010:21:12:46 -0800] "GET /logs/?S=A HTTP/1.1" 200 1945 "-" "Mozilla/5.0 (compatible; Purebot/1.1; +http://www.puritysearch.net/)" "www.digitaldesignspro.com"
85.17.211.164 - - [13/Jan/2010:21:12:47 -0800] "GET /logs/?D=A HTTP/1.1" 200 1945 "-" "Mozilla/5.0 (compatible; Purebot/1.1; +http://www.puritysearch.net/)" "www.digitaldesignspro.com"
85.17.211.164 - - [13/Jan/2010:21:12:48 -0800] "GET /tmp/?N=D HTTP/1.1" 200 520 "-" "Mozilla/5.0 (compatible; Purebot/1.1; +http://www.puritysearch.net/)" "www.digitaldesignspro.com"
85.17.211.164 - - [13/Jan/2010:21:12:50 -0800] "GET /tmp/?M=A HTTP/1.1" 200 520 "-" "Mozilla/5.0 (compatible; Purebot/1.1; +http://www.puritysearch.net/)" "www.digitaldesignspro.com"
85.17.211.164 - - [13/Jan/2010:21:12:52 -0800] "GET /tmp/?S=A HTTP/1.1" 200 520 "-" "Mozilla/5.0 (compatible; Purebot/1.1; +http://www.puritysearch.net/)" "www.digitaldesignspro.com"
85.17.211.164 - - [13/Jan/2010:21:12:53 -0800] "GET /tmp/?D=A HTTP/1.1" 200 520 "-" "Mozilla/5.0 (compatible; Purebot/1.1; +http://www.puritysearch.net/)" "www.digitaldesignspro.com"
85.17.211.164 - - [13/Jan/2010:21:12:54 -0800] "GET /works/?N=D HTTP/1.1" 200 657 "-" "Mozilla/5.0 (compatible; Purebot/1.1; +http://www.puritysearch.net/)" "www.digitaldesignspro.com"
85.17.211.164 - - [13/Jan/2010:21:12:56 -0800] "GET /works/?M=A HTTP/1.1" 200 657 "-" "Mozilla/5.0 (compatible; Purebot/1.1; +http://www.puritysearch.net/)" "www.digitaldesignspro.com"
85.17.211.164 - - [13/Jan/2010:21:12:57 -0800] "GET /works/?S=A HTTP/1.1" 200 657 "-" "Mozilla/5.0 (compatible; Purebot/1.1; +http://www.puritysearch.net/)" "www.digitaldesignspro.com"
85.17.211.164 - - [13/Jan/2010:21:12:59 -0800] "GET /works/?D=A HTTP/1.1" 200 657 "-" "Mozilla/5.0 (compatible; Purebot/1.1; +http://www.puritysearch.net/)" "www.digitaldesignspro.com"
85.17.211.164 - - [13/Jan/2010:21:13:00 -0800] "GET /works/logs/ HTTP/1.1" 200 540 "-" "Mozilla/5.0 (compatible; Purebot/1.1; +http://www.puritysearch.net/)" "www.digitaldesignspro.com"
85.17.211.164 - - [13/Jan/2010:21:13:01 -0800] "GET /logs/?N=A HTTP/1.1" 200 1945 "-" "Mozilla/5.0 (compatible; Purebot/1.1; +http://www.puritysearch.net/)" "www.digitaldesignspro.com"
85.17.211.164 - - [13/Jan/2010:21:13:02 -0800] "GET /logs/?M=D HTTP/1.1" 200 1945 "-" "Mozilla/5.0 (compatible; Purebot/1.1; +http://www.puritysearch.net/)" "www.digitaldesignspro.com"
85.17.211.164 - - [13/Jan/2010:21:13:04 -0800] "GET /logs/?S=D HTTP/1.1" 200 1945 "-" "Mozilla/5.0 (compatible; Purebot/1.1; +http://www.puritysearch.net/)" "www.digitaldesignspro.com"
85.17.211.164 - - [13/Jan/2010:21:13:05 -0800] "GET /logs/?D=D HTTP/1.1" 200 1945 "-" "Mozilla/5.0 (compatible; Purebot/1.1; +http://www.puritysearch.net/)" "www.digitaldesignspro.com"
85.17.211.164 - - [13/Jan/2010:21:13:07 -0800] "GET /tmp/?N=A HTTP/1.1" 200 520 "-" "Mozilla/5.0 (compatible; Purebot/1.1; +http://www.puritysearch.net/)" "www.digitaldesignspro.com"
85.17.211.164 - - [13/Jan/2010:21:13:08 -0800] "GET /tmp/?M=D HTTP/1.1" 200 520 "-" "Mozilla/5.0 (compatible; Purebot/1.1; +http://www.puritysearch.net/)" "www.digitaldesignspro.com"
85.17.211.164 - - [13/Jan/2010:21:13:09 -0800] "GET /tmp/?S=D HTTP/1.1" 200 520 "-" "Mozilla/5.0 (compatible; Purebot/1.1; +http://www.puritysearch.net/)" "www.digitaldesignspro.com"
85.17.211.164 - - [13/Jan/2010:21:13:11 -0800] "GET /tmp/?D=D HTTP/1.1" 200 520 "-" "Mozilla/5.0 (compatible; Purebot/1.1; +http://www.puritysearch.net/)" "www.digitaldesignspro.com"
85.17.211.164 - - [13/Jan/2010:21:13:12 -0800] "GET /works/?N=A HTTP/1.1" 200 657 "-" "Mozilla/5.0 (compatible; Purebot/1.1; +http://www.puritysearch.net/)" "www.digitaldesignspro.com"
85.17.211.164 - - [13/Jan/2010:21:13:13 -0800] "GET /works/?M=D HTTP/1.1" 200 657 "-" "Mozilla/5.0 (compatible; Purebot/1.1; +http://www.puritysearch.net/)" "www.digitaldesignspro.com"
85.17.211.164 - - [13/Jan/2010:21:13:14 -0800] "GET /works/?S=D HTTP/1.1" 200 657 "-" "Mozilla/5.0 (compatible; Purebot/1.1; +http://www.puritysearch.net/)" "www.digitaldesignspro.com"
85.17.211.164 - - [13/Jan/2010:21:13:15 -0800] "GET /works/?D=D HTTP/1.1" 200 657 "-" "Mozilla/5.0 (compatible; Purebot/1.1; +http://www.puritysearch.net/)" "www.digitaldesignspro.com"
85.17.211.164 - - [13/Jan/2010:21:13:17 -0800] "GET /works/logs/?N=D HTTP/1.1" 200 540 "-" "Mozilla/5.0 (compatible; Purebot/1.1; +http://www.puritysearch.net/)" "www.digitaldesignspro.com"
85.17.211.164 - - [13/Jan/2010:21:13:19 -0800] "GET /works/logs/?M=A HTTP/1.1" 200 540 "-" "Mozilla/5.0 (compatible; Purebot/1.1; +http://www.puritysearch.net/)" "www.digitaldesignspro.com"
85.17.211.164 - - [13/Jan/2010:21:13:19 -0800] "GET /works/logs/?S=A HTTP/1.1" 200 540 "-" "Mozilla/5.0 (compatible; Purebot/1.1; +http://www.puritysearch.net/)" "www.digitaldesignspro.com"
85.17.211.164 - - [13/Jan/2010:21:13:21 -0800] "GET /works/logs/?D=A HTTP/1.1" 200 540 "-" "Mozilla/5.0 (compatible; Purebot/1.1; +http://www.puritysearch.net/)" "www.digitaldesignspro.com"
85.17.211.164 - - [13/Jan/2010:21:13:22 -0800] "GET /works/logs/?N=A HTTP/1.1" 200 540 "-" "Mozilla/5.0 (compatible; Purebot/1.1; +http://www.puritysearch.net/)" "www.digitaldesignspro.com"
85.17.211.164 - - [13/Jan/2010:21:13:23 -0800] "GET /works/logs/?M=D HTTP/1.1" 200 540 "-" "Mozilla/5.0 (compatible; Purebot/1.1; +http://www.puritysearch.net/)" "www.digitaldesignspro.com"
85.17.211.164 - - [13/Jan/2010:21:13:24 -0800] "GET /works/logs/?S=D HTTP/1.1" 200 540 "-" "Mozilla/5.0 (compatible; Purebot/1.1; +http://www.puritysearch.net/)" "www.digitaldesignspro.com"
85.17.211.164 - - [13/Jan/2010:21:13:26 -0800] "GET /works/logs/?D=D HTTP/1.1" 200 540 "-" "Mozilla/5.0 (compatible; Purebot/1.1; +http://www.puritysearch.net/)" "www.digitaldesignspro.com"
208.80.193.27 - - [13/Jan/2010:23:34:08 -0800] "GET / HTTP/1.0" 200 897 "-" "Mozilla/4.0 (compatible; MSIE 7.0; Windows NT 5.1; .NET CLR 1.0.3705; .NET CLR 1.1.4322; Media Center PC 4.0; .NET CLR 2.0.50727; Creative ZENcast v1.01.06)" "www.digitaldesignspro.com"
67.195.110.159 - - [14/Jan/2010:04:19:13 -0800] "GET /robots.txt HTTP/1.0" 404 - "-" "Mozilla/5.0 (compatible; Yahoo! Slurp; http://help.yahoo.com/help/us/ysearch/slurp)" "www.digitaldesignspro.com"
64.245.237.131 - - [14/Jan/2010:08:17:25 -0800] "GET / HTTP/1.0" 200 897 "http://www.google.com/search?hl=en&q=parent+directory+index+of+LATINA&start=10&sa=N" "Mozilla/4.0 (compatible; MSIE 7.0; Windows NT 5.1; .NET CLR 1.1.4322; .NET CLR 2.0.50727; .NET CLR 3.0.04506.30; .NET CLR 3.0.4506.2152; .NET CLR 3.5.30729)" "www.digitaldesignspro.com"
64.245.237.131 - - [14/Jan/2010:08:17:25 -0800] "GET /favicon.ico HTTP/1.0" 404 - "-" "Mozilla/4.0 (compatible; MSIE 7.0; Windows NT 5.1; .NET CLR 1.1.4322; .NET CLR 2.0.50727; .NET CLR 3.0.04506.30; .NET CLR 3.0.4506.2152; .NET CLR 3.5.30729)" "www.digitaldesignspro.com"
67.195.110.159 - - [14/Jan/2010:09:17:28 -0800] "GET /robots.txt HTTP/1.0" 404 - "-" "Mozilla/5.0 (compatible; Yahoo! Slurp; http://help.yahoo.com/help/us/ysearch/slurp)" "www.digitaldesignspro.com"
99.159.44.70 - - [14/Jan/2010:10:22:39 -0800] "GET / HTTP/1.0" 200 897 "-" "Mozilla/4.0 (compatible; MSIE 6.0; Windows NT 5.1)" "www.digitaldesignspro.com"
83.167.62.170 - - [14/Jan/2010:10:57:40 -0800] "GET /robots.txt HTTP/1.1" 404 - "-" "Mozilla/5.0 (compatible; Exabot/3.0 (BiggerBetter); +http://www.exabot.com/go/robot)" "www.digitaldesignspro.com"
83.167.62.170 - - [14/Jan/2010:10:57:40 -0800] "GET /logs/?M=D HTTP/1.1" 200 1945 "-" "Mozilla/5.0 (compatible; Exabot/3.0 (BiggerBetter); +http://www.exabot.com/go/robot)" "www.digitaldesignspro.com"
65.55.106.208 - - [14/Jan/2010:12:24:07 -0800] "GET /robots.txt HTTP/1.1" 404 - "-" "msnbot/2.0b (+http://search.msn.com/msnbot.htm)" "www.digitaldesignspro.com"
65.55.106.208 - - [14/Jan/2010:12:37:27 -0800] "GET /business/signature/site/home.htm HTTP/1.1" 404 - "-" "msnbot/2.0b (+http://search.msn.com/msnbot.htm)" "www.digitaldesignspro.com"
87.250.252.240 - - [14/Jan/2010:15:05:14 -0800] "GET /robots.txt HTTP/1.1" 404 - "-" "Yandex/1.01.001 (compatible; Win16; I)" "www.digitaldesignspro.com"
87.250.252.240 - - [14/Jan/2010:22:03:41 -0800] "GET / HTTP/1.1" 200 913 "-" "Yandex/1.01.001 (compatible; Win16; I)" "www.digitaldesignspro.com"
204.15.39.12 - - [14/Jan/2010:22:39:52 -0800] "GET /logs/ HTTP/1.1" 200 1945 "-" "Botslist Botfinder (+http://www.botslist.ca)" "www.digitaldesignspro.com"
204.15.39.12 - - [14/Jan/2010:22:40:00 -0800] "GET /logs/access.log HTTP/1.1" 200 93178 "-" "Botslist Botfinder (+http://www.botslist.ca)" "www.digitaldesignspro.com"
204.15.39.12 - - [14/Jan/2010:22:40:01 -0800] "GET /logs/access_090731.log HTTP/1.1" 200 14368 "-" "Botslist Botfinder (+http://www.botslist.ca)" "www.digitaldesignspro.com"
204.15.39.12 - - [14/Jan/2010:22:40:01 -0800] "GET /logs/access_090801.log HTTP/1.1" 200 8133 "-" "Botslist Botfinder (+http://www.botslist.ca)" "www.digitaldesignspro.com"
204.15.39.12 - - [14/Jan/2010:22:40:01 -0800] "GET /logs/access_090901.log HTTP/1.1" 200 0 "-" "Botslist Botfinder (+http://www.botslist.ca)" "www.digitaldesignspro.com"
204.15.39.12 - - [14/Jan/2010:22:40:02 -0800] "GET /logs/access_091001.log HTTP/1.1" 200 0 "-" "Botslist Botfinder (+http://www.botslist.ca)" "www.digitaldesignspro.com"
204.15.39.12 - - [14/Jan/2010:22:40:02 -0800] "GET /logs/access_091031.log HTTP/1.1" 200 0 "-" "Botslist Botfinder (+http://www.botslist.ca)" "www.digitaldesignspro.com"
204.15.39.12 - - [14/Jan/2010:22:40:02 -0800] "GET /logs/access_091101.log HTTP/1.1" 200 3759 "-" "Botslist Botfinder (+http://www.botslist.ca)" "www.digitaldesignspro.com"
204.15.39.12 - - [14/Jan/2010:22:40:02 -0800] "GET /logs/access_091201.log HTTP/1.1" 200 0 "-" "Botslist Botfinder (+http://www.botslist.ca)" "www.digitaldesignspro.com"
204.15.39.12 - - [14/Jan/2010:22:40:02 -0800] "GET /logs/access_091231.log HTTP/1.1" 200 0 "-" "Botslist Botfinder (+http://www.botslist.ca)" "www.digitaldesignspro.com"
204.15.39.12 - - [14/Jan/2010:22:40:02 -0800] "GET /logs/access_100101.log HTTP/1.1" 200 1006 "-" "Botslist Botfinder (+http://www.botslist.ca)" "www.digitaldesignspro.com"
65.55.106.187 - - [14/Jan/2010:23:05:50 -0800] "GET /robots.txt HTTP/1.1" 404 - "-" "msnbot/2.0b (+http://search.msn.com/msnbot.htm)" "digitaldesignspro.com"
65.55.106.187 - - [14/Jan/2010:23:06:37 -0800] "GET /works/ HTTP/1.1" 200 657 "-" "msnbot/2.0b (+http://search.msn.com/msnbot.htm)" "digitaldesignspro.com"
66.249.71.142 - - [14/Jan/2010:23:17:45 -0800] "GET /robots.txt HTTP/1.1" 404 - "-" "Mozilla/5.0 (compatible; Googlebot/2.1; +http://www.google.com/bot.html)" "www.digitaldesignspro.com"
65.55.207.102 - - [15/Jan/2010:02:31:05 -0800] "GET /robots.txt HTTP/1.1" 404 - "-" "msnbot/2.0b (+http://search.msn.com/msnbot.htm)" "digitaldesignspro.com"
65.55.207.102 - - [15/Jan/2010:02:33:37 -0800] "GET /tmp/?D=A HTTP/1.1" 200 520 "-" "msnbot/2.0b (+http://search.msn.com/msnbot.htm)" "digitaldesignspro.com"
65.55.106.155 - - [15/Jan/2010:06:19:47 -0800] "GET /robots.txt HTTP/1.1" 404 - "-" "msnbot/2.0b (+http://search.msn.com/msnbot.htm)" "digitaldesignspro.com"
65.55.106.155 - - [15/Jan/2010:06:20:33 -0800] "GET /?N=D HTTP/1.1" 200 913 "-" "msnbot/2.0b (+http://search.msn.com/msnbot.htm)" "digitaldesignspro.com"
87.250.252.240 - - [15/Jan/2010:06:23:31 -0800] "GET /works/ HTTP/1.1" 200 657 "-" "Yandex/1.01.001 (compatible; Win16; I)" "www.digitaldesignspro.com"
208.80.193.40 - - [15/Jan/2010:07:11:58 -0800] "GET / HTTP/1.0" 200 897 "-" "Mozilla/4.0 (compatible; MSIE 7.0; Windows NT 5.1; FunWebProducts; BIGPOND_ADSL_42; .NET CLR 2.0.50727)" "www.digitaldesignspro.com"
67.195.110.159 - - [15/Jan/2010:09:51:10 -0800] "GET /robots.txt HTTP/1.0" 404 - "-" "Mozilla/5.0 (compatible; Yahoo! Slurp; http://help.yahoo.com/help/us/ysearch/slurp)" "www.digitaldesignspro.com"
67.195.110.159 - - [15/Jan/2010:09:52:53 -0800] "GET /?N=D HTTP/1.0" 200 897 "-" "Mozilla/5.0 (compatible; Yahoo! Slurp/3.0; http://help.yahoo.com/help/us/ysearch/slurp)" "www.digitaldesignspro.com"
70.102.63.195 - - [15/Jan/2010:10:57:50 -0800] "GET / HTTP/1.1" 200 913 "-" "Mozilla/5.0 (X11; U; Linux i686 (x86_64); en-US; rv:1.8.0.1) Gecko/20060124 Firefox/1.5.0.1" "digitaldesignspro.com"
213.122.174.227 - - [15/Jan/2010:14:50:29 -0800] "GET / HTTP/1.0" 200 897 "-" "Mozilla/5.0 (X11; U; Linux i686; pl-PL; rv:1.9.0.2) Gecko/20121223 Ubuntu/9.25 (jaunty) Firefox/3.8" "digitaldesignspro.com"
67.195.110.159 - - [15/Jan/2010:17:36:01 -0800] "GET /robots.txt HTTP/1.0" 404 - "-" "Mozilla/5.0 (compatible; Yahoo! Slurp; http://help.yahoo.com/help/us/ysearch/slurp)" "www.digitaldesignspro.com"
67.195.110.159 - - [15/Jan/2010:17:36:02 -0800] "GET /works/green_garden/contact.htm HTTP/1.0" 404 - "-" "Mozilla/5.0 (compatible; Yahoo! Slurp/3.0; http://help.yahoo.com/help/us/ysearch/slurp)" "www.digitaldesignspro.com"
66.249.71.143 - - [15/Jan/2010:21:01:12 -0800] "GET /robots.txt HTTP/1.1" 404 - "-" "Mozilla/5.0 (compatible; Googlebot/2.1; +http://www.google.com/bot.html)" "www.digitaldesignspro.com"
88.131.106.21 - - [16/Jan/2010:02:33:18 -0800] "GET /robots.txt HTTP/1.0" 404 - "-" "Speedy Spider (http://www.entireweb.com/about/search_tech/speedy_spider/)" "www.digitaldesignspro.com"
88.131.106.21 - - [16/Jan/2010:02:33:19 -0800] "GET /business/signature/site/ HTTP/1.0" 404 - "-" "Speedy Spider (http://www.entireweb.com/about/search_tech/speedy_spider/)" "www.digitaldesignspro.com"
65.55.110.202 - - [16/Jan/2010:03:12:00 -0800] "GET /tmp/?S=A HTTP/1.1" 200 520 "-" "Mozilla/4.0 (compatible; MSIE 6.0; Windows NT 5.2; SLCC1; .NET CLR 1.1.4325; .NET CLR 2.0.50727; .NET CLR 3.0.04506.648)" "digitaldesignspro.com"
207.46.199.183 - - [16/Jan/2010:05:12:12 -0800] "GET /robots.txt HTTP/1.1" 404 - "-" "msnbot/2.0b (+http://search.msn.com/msnbot.htm)" "www.digitaldesignspro.com"
207.46.199.183 - - [16/Jan/2010:05:19:46 -0800] "GET /services.htm HTTP/1.1" 404 - "-" "msnbot/2.0b (+http://search.msn.com/msnbot.htm)" "www.digitaldesignspro.com"
207.46.199.182 - - [16/Jan/2010:08:26:10 -0800] "GET /robots.txt HTTP/1.1" 404 - "-" "msnbot/2.0b (+http://search.msn.com/msnbot.htm)" "digitaldesignspro.com"
207.46.199.182 - - [16/Jan/2010:08:29:40 -0800] "GET /?D=A HTTP/1.1" 200 913 "-" "msnbot/2.0b (+http://search.msn.com/msnbot.htm)" "digitaldesignspro.com"
87.250.252.240 - - [16/Jan/2010:10:42:28 -0800] "GET /robots.txt HTTP/1.1" 404 - "-" "Yandex/1.01.001 (compatible; Win16; I)" "www.digitaldesignspro.com"
208.80.193.37 - - [16/Jan/2010:14:37:55 -0800] "GET / HTTP/1.0" 200 897 "-" "Mozilla/4.0 (compatible; MSIE 7.0; Windows NT 5.1; {814126B0-2773-F9C6-FE73-EFC01A455C27}; .NET CLR 1.1.4322)" "www.digitaldesignspro.com"
67.195.110.159 - - [16/Jan/2010:14:38:32 -0800] "GET /robots.txt HTTP/1.0" 404 - "-" "Mozilla/5.0 (compatible; Yahoo! Slurp; http://help.yahoo.com/help/us/ysearch/slurp)" "www.digitaldesignspro.com"
